ppose 2*t = 4*f - w, -54 = f - 3*f - 2*t. Calculate the highest common divisor of 16 and f.
8
Suppose -5*m - 3*g = -30225, -7*g - 2644 = -2*m + 9487. What is the highest common divisor of m and 27?
27
Let u = 131 - 66. Suppose -363 = -2*g - 3*h, 4*g + 2*h = -g + 957. What is the greatest common factor of g and u?
65
Let l = -836 + 1056. Calculate the greatest common factor of 260 and l.
20
Suppose 355*i - 362*i + 2411 = -207. What is the highest common factor of 264 and i?
22
Let c be ((-345)/45 + 7)/((-4)/1884*2). Calculate the highest common divisor of c and 22451.
157
Let s(f) = f**3 - 4*f**2 - 155*f + 1652. Let n be s(10). Calculate the greatest common factor of n and 130.
26
Let m(x) = -x**3 + 4*x + 3. Let k be m(-2). Suppose 0 = -k*v + 22 + 11. Suppose -248 = -v*o + 16. Calculate the greatest common factor of o and 48.
24
Let c(g) = g**3 - 13*g**2 + 32*g - 12. Let m be c(10). Let v be m/(-14) + (-15)/((-735)/5516). What is the greatest common divisor of 16 and v?
16
Let w be (5/(60/(-18)))/(6/56). Let c be (w/(-4))/((-5)/100). Let p = 82 + c. What is the greatest common factor of p and 3?
3
Let b(t) = 7*t + 6. Let q be b(5). Suppose 788 - 3170 - 2415 = -9*l. Calculate the highest common divisor of q and l.
41
Suppose 16*n - 36*n = -21*n + 66. Calculate the greatest common factor of 4554 and n.
66
Let o(p) = -p**2 + 43*p - 192. Let s be o(36). Suppose 4*y + 1904 = -12*r + 16*r, r + 2*y = 488. Calculate the greatest common divisor of s and r.
60
Let p(t) = -t**3 - 29*t**2 - 36*t - 206. Let j be p(-28). Calculate the greatest common factor of j and 6.
6
Let y be 1365/(-42)*(-2 - (-36)/(-10)). Suppose 15*d = y + 73. Calculate the greatest common divisor of 238 and d.
17
Let u(z) = 3*z**2 - 21*z + 4. Let m be u(7). Suppose -m*h - 3*l + 94 = -350, -2*l = h - 111. What is the greatest common factor of h and 185?
37
Let l(c) = -c**2 - 20*c - 25. Let t be l(-5). What is the highest common divisor of 1175 and t?
25
Let l(h) = h**3 + 18*h**2 + 5*h - 68. Let u be l(-17). Suppose -4*r + 4*t = -88, 4*r + t - 73 = 2*t. Calculate the highest common factor of r and u.
17
Let i be (45/18)/((-5)/(-22)). Let r be (1 + -1)/(-5 - -7). Suppose m + 1 = 3*d - r*m, 0 = -5*d - m + 7. Calculate the greatest common divisor of d and i.
1
Let b be (-8 + (-1037)/(-68))/(1/396). Calculate the highest common divisor of 132 and b.
33
Let a be 39*(0 + (-22)/(-3)). Let o(t) = 3*t**3 - 13*t**2 + 13*t - 38. Let s be o(5). Let x be 14/s + 568/22. Calculate the highest common factor of a and x.
26
Suppose 0 = 208*r - 8670 + 399 - 14193. Suppose 3*j = 5 + 31. What is the highest common divisor of r and j?
12
Suppose -84*h - 65*h = -500342. Calculate the highest common divisor of 92 and h.
46
Let b(k) = 4*k**3 - 23*k**2 + 7*k + 151. Let a be b(8). What is the greatest common divisor of 72 and a?
9
Let w be 30/12*(-30)/(-25). Suppose -w*f = -6 + 3. What is the greatest common factor of 8 and f?
1
Let x(d) = 29*d**2 - 3*d + 2. Suppose -4 = 3*p - 13. Let s be 17/51 + 2/p. Let m be x(s). Calculate the highest common factor of 56 and m.
28
Let f = -17864 + 19520. What is the highest common divisor of f and 72?
72
Suppose 20*w = -48*w + 8228. Suppose c = 4*c - 33. Calculate the greatest common factor of w and c.
11
Let k(i) = 8279*i**2 + 11*i. Let z be k(-1). What is the highest common factor of 6 and z?
6
Let v be (57/152*-18)/((-5)/(42960/9)). What is the greatest common factor of 36 and v?
36
Let w = 7341 + -7322. Suppose -u - 11 = -3*z, -4*u + 9*u + 31 = 3*z. Let s be (10/4)/u*-342. What is the greatest common divisor of w and s?
19
Let c(y) = 26*y - 8739. Let x be c(338). Let s = -253 - -498. What is the highest common divisor of x and s?
49
Suppose -4*c + 2*c = -8. Suppose -136*w + 1501 = 77*w - 203. What is the highest common divisor of c and w?
4
Let c be (330/(-9))/(52/(-234)). Calculate the greatest common factor of 1705 and c.
55
Suppose 38*u - 42*u + 24 = 0. Suppose -u + 3 = -d. Suppose 4 = d*v - 14. Calculate the highest common factor of v and 15.
3
Let y be (24/4 - 17)/((-67)/1608). Suppose o = 4*q + 21 + 8, -q + 67 = 2*o. Calculate the greatest common factor of y and o.
33
Suppose 2*w - 364 = -0*w. Suppose 4*m - 62 = 92*r - 95*r, 5*r = m - 4. Calculate the highest common divisor of m and w.
14
Let f = -18 + 26. Let n(s) = 4*s**2 + 53*s + 48. Let h be n(-16). What is the greatest common factor of h and f?
8
Suppose 2247630 + 1120570 = 440*p. What is the highest common divisor of 10 and p?
5
Let r = 1302 - 1236. Let s(h) = 18*h**2 + 5*h - 12. Let w be s(3). Calculate the highest common divisor of w and r.
33
Suppose 2*v - 2*f = 485 + 449, 4*f = -4*v + 1844. Let u = v + -458. Calculate the highest common factor of 210 and u.
6
Let q(l) = -l**3 - l**2 + l - 4. Let y be q(-4). Let i be ((-1)/2)/((-2)/y). Let v = -115127 - -115197. What is the greatest common divisor of i and v?
10
Let i(q) = -422*q - 733. Let n be i(-5). Calculate the greatest common divisor of n and 17.
17
Let a = 4223 + -4145. Calculate the highest common divisor of 897 and a.
39
Let o be 4/(-10) + 3569/(-215). Let y be (2*36)/(o + 19). What is the greatest common divisor of 54 and y?
18
Let h(p) = -p**3 - 26*p**2 + p + 31. Let u be h(-26). Suppose 5*n + u*i = 4*n + 22, 0 = -2*n - i + 8. What is the highest common factor of n and 38?
2
Suppose 115311 = 2549*u - 2530*u. Calculate the greatest common factor of u and 42.
21
Let s = 441 + 129. Let o(u) = 2*u**3 + 19*u**2 - 13*u. Let i be o(-10). What is the highest common divisor of i and s?
30
Let d be (-6)/(-12 + 228/18) - -179. What is the highest common divisor of 1122 and d?
34
Suppose -4*d + 6*d - 3*o - 612 = 0, 0 = -3*d + 5*o + 920. Suppose 2*g + 2*m + 47 - 167 = 0, 4*m + d = 5*g. What is the greatest common factor of g and 75?
15
Let a(q) = -q**3 + 7*q**2 - 9*q + 13. Let l be a(5). Let x(j) = -j**3 + 16*j**2 + 44*j - 16. Let o be x(l). What is the highest common divisor of o and 16?
16
Let p = 38224 + -38203. Calculate the greatest common divisor of 8295 and p.
21
Let b = -8 - -9. Let g be 19 - 4 - (b - -1). Suppose -g = -8*c + 3. Calculate the greatest common divisor of c and 14.
2
Let s be 9/(-2)*(-16)/6. Let l(c) = 6*c**2 + 472*c - 514. Let q be l(-80). What is the highest common factor of s and q?
6
Suppose 170*a - 810 - 2420 = 0. What is the highest common divisor of 95 and a?
19
Let d(t) = -30*t**3 - t**2 + 11*t + 27. Let r be d(-3). What is the highest common factor of 15 and r?
15
Suppose -481 = -2*d + 4*k + 743, 3*d - 1836 = -4*k. Calculate the highest common factor of 1 and d.
1
Suppose p + 95 = 5*t - 26, 0 = -t - 3*p + 37. Let g be ((-26)/4)/((-8)/400). Calculate the greatest common factor of t and g.
25
Let j be 3/(7*(-9)/(-2394)). Calculate the greatest common divisor of j and 152.
38
Let g(x) = x**2 - 5*x - 38. Let p be g(12). Let i be (-9)/15 - (-52)/20. Calculate the highest common factor of p and i.
2
Suppose -199*c + 60 = -193*c. What is the highest common divisor of c and 1290?
10
Let v(b) = -b**3 - 21*b**2 + 11*b - 232. Let o be v(-24). What is the highest common factor of o and 396?
44
Let z(x) = 3*x**2 + 107*x + 1092. Let r be z(-12). What is the highest common factor of r and 840?
120
Let o be ((-1)/(-3)*2)/((-6)/(-27)). Suppose 2 = -o*b + 14. Suppose b*y + 240 = 6*y. What is the greatest common divisor of 30 and y?
30
Let c(l) = -l**3 - 15*l**2 - 16*l. Let o be 21*(-6)/(-4)*96/27. Suppose -9*k - o = -k. Let n be c(k). What is the greatest common factor of n and 56?
28
Suppose -10 = 12*v - 14*v. Suppose -25 = -v*n, -22 = -2*p + 3*n + n. What is the greatest common factor of p and 1?
1
Let c be ((-33)/2)/((-1)/8). Let o be (-4*12/(-32))/((-18)/(-1596)). Let l be o/4 + (-1)/4. Calculate the highest common factor of c and l.
33
Suppose -5*i = -4*z + 169, 770 = 2*i + 780. Let p be (-6)/((-2)/(-18)*-1). Suppose -y + p = 2*y. What is the greatest common divisor of y and z?
18
Let s be (80/(-6))/(193/(-24) + 8). Let o be (s/6)/((-15)/(-45)). Suppose -4*l + o = 12*l. What is the highest common factor of 70 and l?
10
Suppose -5*n - 100 = -5*f, -n = 3*n + f + 95. Let z(l) = -l. Let i be z(n). What is the greatest common divisor of i and 23?
23
Suppose 121*x - 128 = 217*x - 112*x. Suppose 2*w - 3*p = 1311, w - 5*p - 692 = -19. Calculate